{"id":8505,"date":"2020-05-17T11:06:51","date_gmt":"2020-05-17T09:06:51","guid":{"rendered":"https:\/\/www.gastonballiot.fr\/?page_id=8505"},"modified":"2020-05-18T08:42:30","modified_gmt":"2020-05-18T06:42:30","slug":"4-lausterite-est-un-desastre","status":"publish","type":"page","link":"https:\/\/www.gastonballiot.fr\/?page_id=8505","title":{"rendered":"5-L&rsquo;aust\u00e9rit\u00e9 est un d\u00e9sastre"},"content":{"rendered":"<h2 style=\"text-align: center;\">\u00ab\u00a0L&rsquo;aust\u00e9rit\u00e9 est un d\u00e9sastre\u00a0\u00bb<\/h2>\n<p><strong>\u00ab\u00a0L&rsquo;Europe est au bord de l&rsquo;ab\u00eeme\u00a0\u00bb<\/strong><\/p>\n<p>Dans un entretien \u00e0 Mediapart, le c\u00e9l\u00e8bre prix Nobel d\u2019\u00e9conomie Joseph Stiglitz s\u2019inqui\u00e8te de la poursuite de l\u2019aust\u00e9rit\u00e9 dans la zone euro. Il s\u2019alarme aussi des politiques de Donald Trump et de l\u2019explosion des in\u00e9galit\u00e9s, dix ans apr\u00e8s la crise financi\u00e8re de 2008.<br \/>\nPlus que jamais, il plaide pour \u00ab augmenter les salaires\u00bb, r\u00e9guler la finance et lutter contre les\u00ab monopoles \u00bb.<\/p>\n<p><a href=\"https:\/\/www.gastonballiot.fr\/wp-content\/uploads\/2018\/09\/StiglitzSept18Mediapart.pdf\" target=\"_blank\" rel=\"noopener noreferrer\"><strong>L&rsquo;article de Mediapart, en PDF<\/strong><\/a><\/p>\n<p><strong><a href=\"https:\/\/www.mediapart.fr\/journal\/international\/050918\/joseph-stiglitz-l-europe-est-au-bord-de-l-abime\" target=\"_blank\" rel=\"noopener noreferrer\">Le lien direct<\/a><\/strong><\/p>\n<p>Dans un grand entretien accord\u00e9 \u00e0&nbsp;<b><em>l&rsquo;Humanit\u00e9&nbsp;(11 sept 2012)<\/em><\/b>,&nbsp;<strong>le prix Nobel d&rsquo;\u00e9conomie Joseph Stiglitz<\/strong>, ancien directeur de la Banque mondiale, estime que l&rsquo;Europe court \u00e0 sa perte en menant des politiques d&rsquo;extr\u00eame rigueur qui conduisent \u00ab\u00a0<strong>\u00e0 chaque fois \u00e0 un \u00e9chec<\/strong>\u00ab\u00a0.<\/p>\n<p><strong><a href=\"https:\/\/drive.google.com\/file\/d\/0B859BA7TljtdY0ZCWVZhRDl1TW8\/edit?usp=sharing\">&#8212;&gt; lire en pdf<\/a><\/strong><\/p>\n<p>&nbsp;<\/p>\n<hr>\n<p>Un autre prix Nobel d&rsquo;\u00e9conomie,<strong>&nbsp;Paul Krugman<\/strong>, dit ceci (dans l&rsquo;Express du 29\/08\/12 quelques extraits) :<\/p>\n<p>\u00ab\u00a0<b><em>Mon propos contre les politiques d&rsquo;aust\u00e9rit\u00e9 s&rsquo;adresse aux pays qui ont encore le choix, comme la France.\u00a0\u00bb<\/em><\/b><\/p>\n<p><b><em>\u00ab\u00a0&#8230;La France n&rsquo;est pas dans une situation budg\u00e9taire critique et n&rsquo;a pas tant besoin d&rsquo;une politique de rigueur&#8230;.\u00a0\u00bb<br \/>\n\u00a0\u00bb &nbsp; &#8230;.la r\u00e9ponse est mon\u00e9taire. Elle passe par la Banque centrale europ\u00e9enne&#8230;..\u00a0\u00bb<\/em><\/b><\/p>\n<p>Entretien avec Geoffrey Geuens : \u00ab\u00a0Les march\u00e9s financiers ont un visage, celui de l&rsquo;oligarchie\u00a0\u00bb<\/p>\n<p><strong>Dans votre ouvrage, vous d\u00e9molissez une s\u00e9rie de lieux communs&nbsp;<\/strong><strong>qui saturent aujourd\u2019hui le d\u00e9bat public\u2009: la finance serait insaisissable, hors de port\u00e9e du pouvoir,&nbsp;<\/strong><strong>elle serait, comme l\u2019a dit Fran\u00e7ois Hollande dans un passage fameux de son discours&nbsp;<\/strong><strong>du Bourget, \u00ab sans visage \u00bb car elle&nbsp;<\/strong><strong>\u00ab ne se pr\u00e9sente pas aux \u00e9lections \u00bb\u2026&nbsp;<\/strong><strong>Que pensez-vous de ce type de d\u00e9clarations politiques\u2009?&nbsp;<\/strong><\/p>\n<p><strong>&#8212;&gt;&nbsp;<a href=\"https:\/\/drive.google.com\/file\/d\/0B859BA7TljtdV2xvalh0S21JQ2M\/edit?usp=sharing\">Lire cet entretien (2 mars 2012)<\/a><\/strong><\/p>\n<p><strong>*******************************************************************************************<\/strong><\/p>\n<p><strong>Islande, solution mondiale?<\/strong><\/p>\n<p>Ce qui s&rsquo;est pass\u00e9 en Islande est tr\u00e8s important. Un peuple qui s&rsquo;oppose aux r\u00e8gles lib\u00e9rales et se lib\u00e8re de sa dette c&rsquo;est rare, c&rsquo;est un exemple dangereux pour nos dirigeants, et cela explique le silence entretenu par nos m\u00e9dias sur ce sujet.<\/p>\n<p>Une vid\u00e9o explicative :<\/p>\n<p><a href=\"http:\/\/www.youtube.com\/watch?feature=player_embedded&amp;v=9rGNF-C6Xek\">http:\/\/www.youtube.com\/watch?feature=player_embedded&amp;v=9rGNF-C6Xek<\/a><\/p>\n<p>Les exp\u00e9riences en Equateur, en Argentine, au V\u00e9nezuela montrent \u00e9galement qu&rsquo;une autre voie est possible. Un sursaut en Europe bient\u00f4t ? A nous de travailler pour&#8230;<\/p>\n<p>*****************************************************************************************************************<\/p>\n<h3>Argentine &#8211; Islande : Les peuples, plus forts que les banques<\/h3>\n<p>article publi\u00e9 le 13\/02\/2012 par ATTAC, auteur-e(s) : Dominique Plihon, Jacques Cossart<\/p>\n<p>Dominique Plihon, \u00e9conomiste membre du Conseil scientifique d\u2019Attac-France, d\u00e9crit dans&nbsp;<a href=\"https:\/\/drive.google.com\/file\/d\/0B859BA7TljtdV2xvalh0S21JQ2M\/edit?usp=sharing\">\u00ab\u00a0Deux exp\u00e9riences de sortie de crise&nbsp;: Argentine et Islande\u00a0\u00bb<\/a>, comment, dans les deux cas, les peuples ont pu faire obstacle \u00e0 la finance. Ils ont, pour ce faire, m\u00ealer trois ingr\u00e9dients qui se sont r\u00e9v\u00e9l\u00e9s d\u2019une redoutable efficacit\u00e9&#8230; contre le \u00ab\u00a0syst\u00e8me\u00a0\u00bb.<\/p>\n<p>D\u2019abord les citoyens ont fait preuve d\u2019une volont\u00e9 d\u00e9termin\u00e9e pour imposer leur volont\u00e9&nbsp;; par exemple, les Islandais \u00e0 un an d\u2019intervalle ont r\u00e9affirm\u00e9 leur d\u00e9termination. Ensuite, les dettes ont \u00e9t\u00e9, pour certaines d\u2019entre elles, r\u00e9pudi\u00e9s, et toutes ont \u00e9t\u00e9 totalement restructur\u00e9es. Enfin, l\u2019arme mon\u00e9taire a \u00e9t\u00e9 utilis\u00e9e&nbsp;; alors qu\u2019au sein de la zone euro, elle est interdite alors m\u00eame que pareille pratique ne peut \u00eatre envisag\u00e9e que sous une m\u00eame politique fiscale et budg\u00e9taire d\u2019une part, d\u2019autre part si la Banque centrale n\u2019est pas \u00ab\u00a0ind\u00e9pendante\u00a0\u00bb et que, notamment, elle peut r\u00e9pondre \u00e0 la demande politique de cr\u00e9ation de monnaie.<\/p>\n","protected":false},"excerpt":{"rendered":"<p>\u00ab\u00a0L&rsquo;aust\u00e9rit\u00e9 est un d\u00e9sastre\u00a0\u00bb \u00ab\u00a0L&rsquo;Europe est au bord de l&rsquo;ab\u00eeme\u00a0\u00bb Dans un entretien \u00e0 Mediapart, le c\u00e9l\u00e8bre prix Nobel d\u2019\u00e9conomie Joseph Stiglitz s\u2019inqui\u00e8te de la poursuite de l\u2019aust\u00e9rit\u00e9 dans la zone euro. Il s\u2019alarme aussi des politiques de Donald Trump et de l\u2019explosion des in\u00e9galit\u00e9s, dix ans apr\u00e8s la crise financi\u00e8re de 2008. Plus que jamais, il plaide pour \u00ab augmenter les salaires\u00bb, r\u00e9guler la finance et lutter contre les\u00ab monopoles \u00bb. L&rsquo;article de Mediapart, en PDF Le lien direct Dans &#8230; <a title=\"5-L&rsquo;aust\u00e9rit\u00e9 est un d\u00e9sastre\" class=\"read-more\" href=\"https:\/\/www.gastonballiot.fr\/?page_id=8505\" aria-label=\"Plus sur 5-L&rsquo;aust\u00e9rit\u00e9 est un d\u00e9sastre\">Lire la suite&#8230;<\/a><\/p>\n","protected":false},"author":1,"featured_media":0,"parent":160,"menu_order":0,"comment_status":"closed","ping_status":"closed","template":"","meta":{"ngg_post_thumbnail":0,"jetpack_post_was_ever_published":false,"footnotes":""},"class_list":{"0":"post-8505","1":"page","2":"type-page","3":"status-publish","5":"infinite-scroll-item"},"yoast_head":"<!-- This site is optimized with the Yoast SEO plugin v27.4 - https:\/\/yoast.com\/product\/yoast-seo-wordpress\/ -->\n<title>5-L&#039;aust\u00e9rit\u00e9 est un d\u00e9sastre - Le blog politique de Gaston<\/title>\n<meta name=\"robots\" content=\"index, follow, max-snippet:-1, max-image-preview:large, max-video-preview:-1\" \/>\n<link rel=\"canonical\" href=\"https:\/\/www.gastonballiot.fr\/?page_id=8505\" \/>\n<meta property=\"og:locale\" content=\"fr_FR\" \/>\n<meta property=\"og:type\" content=\"article\" \/>\n<meta property=\"og:title\" content=\"5-L&#039;aust\u00e9rit\u00e9 est un d\u00e9sastre - Le blog politique de Gaston\" \/>\n<meta property=\"og:description\" content=\"\u00ab\u00a0L&rsquo;aust\u00e9rit\u00e9 est un d\u00e9sastre\u00a0\u00bb \u00ab\u00a0L&rsquo;Europe est au bord de l&rsquo;ab\u00eeme\u00a0\u00bb Dans un entretien \u00e0 Mediapart, le c\u00e9l\u00e8bre prix Nobel d\u2019\u00e9conomie Joseph Stiglitz s\u2019inqui\u00e8te de la poursuite de l\u2019aust\u00e9rit\u00e9 dans la zone euro. Il s\u2019alarme aussi des politiques de Donald Trump et de l\u2019explosion des in\u00e9galit\u00e9s, dix ans apr\u00e8s la crise financi\u00e8re de 2008. Plus que jamais, il plaide pour \u00ab augmenter les salaires\u00bb, r\u00e9guler la finance et lutter contre les\u00ab monopoles \u00bb. L&rsquo;article de Mediapart, en PDF Le lien direct Dans ... Lire la suite...\" \/>\n<meta property=\"og:url\" content=\"https:\/\/www.gastonballiot.fr\/?page_id=8505\" \/>\n<meta property=\"og:site_name\" content=\"Le blog politique de Gaston\" \/>\n<meta property=\"article:publisher\" content=\"https:\/\/www.facebook.com\/gaston.balliot\/\" \/>\n<meta property=\"article:modified_time\" content=\"2020-05-18T06:42:30+00:00\" \/>\n<meta name=\"twitter:card\" content=\"summary_large_image\" \/>\n<meta name=\"twitter:label1\" content=\"Dur\u00e9e de lecture estim\u00e9e\" \/>\n\t<meta name=\"twitter:data1\" content=\"3 minutes\" \/>\n<script type=\"application\/ld+json\" class=\"yoast-schema-graph\">{\"@context\":\"https:\\\/\\\/schema.org\",\"@graph\":[{\"@type\":\"WebPage\",\"@id\":\"https:\\\/\\\/www.gastonballiot.fr\\\/?page_id=8505\",\"url\":\"https:\\\/\\\/www.gastonballiot.fr\\\/?page_id=8505\",\"name\":\"5-L'aust\u00e9rit\u00e9 est un d\u00e9sastre - Le blog politique de Gaston\",\"isPartOf\":{\"@id\":\"https:\\\/\\\/www.gastonballiot.fr\\\/#website\"},\"datePublished\":\"2020-05-17T09:06:51+00:00\",\"dateModified\":\"2020-05-18T06:42:30+00:00\",\"breadcrumb\":{\"@id\":\"https:\\\/\\\/www.gastonballiot.fr\\\/?page_id=8505#breadcrumb\"},\"inLanguage\":\"fr-FR\",\"potentialAction\":[{\"@type\":\"ReadAction\",\"target\":[\"https:\\\/\\\/www.gastonballiot.fr\\\/?page_id=8505\"]}]},{\"@type\":\"BreadcrumbList\",\"@id\":\"https:\\\/\\\/www.gastonballiot.fr\\\/?page_id=8505#breadcrumb\",\"itemListElement\":[{\"@type\":\"ListItem\",\"position\":1,\"name\":\"Accueil\",\"item\":\"https:\\\/\\\/www.gastonballiot.fr\\\/\"},{\"@type\":\"ListItem\",\"position\":2,\"name\":\"Economie\",\"item\":\"https:\\\/\\\/www.gastonballiot.fr\\\/?page_id=160\"},{\"@type\":\"ListItem\",\"position\":3,\"name\":\"5-L&#8217;aust\u00e9rit\u00e9 est un d\u00e9sastre\"}]},{\"@type\":\"WebSite\",\"@id\":\"https:\\\/\\\/www.gastonballiot.fr\\\/#website\",\"url\":\"https:\\\/\\\/www.gastonballiot.fr\\\/\",\"name\":\"Le blog politique de Gaston\",\"description\":\"L&#039;humain d&#039;abord, pas la finance !\",\"publisher\":{\"@id\":\"https:\\\/\\\/www.gastonballiot.fr\\\/#\\\/schema\\\/person\\\/244a5e02696abd8a65c5b1bebdb948ca\"},\"potentialAction\":[{\"@type\":\"SearchAction\",\"target\":{\"@type\":\"EntryPoint\",\"urlTemplate\":\"https:\\\/\\\/www.gastonballiot.fr\\\/?s={search_term_string}\"},\"query-input\":{\"@type\":\"PropertyValueSpecification\",\"valueRequired\":true,\"valueName\":\"search_term_string\"}}],\"inLanguage\":\"fr-FR\"},{\"@type\":[\"Person\",\"Organization\"],\"@id\":\"https:\\\/\\\/www.gastonballiot.fr\\\/#\\\/schema\\\/person\\\/244a5e02696abd8a65c5b1bebdb948ca\",\"name\":\"gb\",\"image\":{\"@type\":\"ImageObject\",\"inLanguage\":\"fr-FR\",\"@id\":\"https:\\\/\\\/i0.wp.com\\\/www.gastonballiot.fr\\\/wp-content\\\/uploads\\\/2017\\\/04\\\/cropped-Marianne-drapeau-rouge.gif?fit=512%2C512&ssl=1\",\"url\":\"https:\\\/\\\/i0.wp.com\\\/www.gastonballiot.fr\\\/wp-content\\\/uploads\\\/2017\\\/04\\\/cropped-Marianne-drapeau-rouge.gif?fit=512%2C512&ssl=1\",\"contentUrl\":\"https:\\\/\\\/i0.wp.com\\\/www.gastonballiot.fr\\\/wp-content\\\/uploads\\\/2017\\\/04\\\/cropped-Marianne-drapeau-rouge.gif?fit=512%2C512&ssl=1\",\"width\":512,\"height\":512,\"caption\":\"gb\"},\"logo\":{\"@id\":\"https:\\\/\\\/i0.wp.com\\\/www.gastonballiot.fr\\\/wp-content\\\/uploads\\\/2017\\\/04\\\/cropped-Marianne-drapeau-rouge.gif?fit=512%2C512&ssl=1\"},\"description\":\"Gaston Balliot, militant du Front de Gauche en pays bigouden - Pont L'Abb\u00e9 - Loctudy - Guilvinec - Penmarc'h - Ile Tudy - Combrit Ste Marine - Tr\u00e9meoc - Plon\u00e9our, p\u00eache tourisme\",\"sameAs\":[\"https:\\\/\\\/www.facebook.com\\\/gaston.balliot\\\/\"]}]}<\/script>\n<!-- \/ Yoast SEO plugin. -->","yoast_head_json":{"title":"5-L'aust\u00e9rit\u00e9 est un d\u00e9sastre - Le blog politique de Gaston","robots":{"index":"index","follow":"follow","max-snippet":"max-snippet:-1","max-image-preview":"max-image-preview:large","max-video-preview":"max-video-preview:-1"},"canonical":"https:\/\/www.gastonballiot.fr\/?page_id=8505","og_locale":"fr_FR","og_type":"article","og_title":"5-L'aust\u00e9rit\u00e9 est un d\u00e9sastre - Le blog politique de Gaston","og_description":"\u00ab\u00a0L&rsquo;aust\u00e9rit\u00e9 est un d\u00e9sastre\u00a0\u00bb \u00ab\u00a0L&rsquo;Europe est au bord de l&rsquo;ab\u00eeme\u00a0\u00bb Dans un entretien \u00e0 Mediapart, le c\u00e9l\u00e8bre prix Nobel d\u2019\u00e9conomie Joseph Stiglitz s\u2019inqui\u00e8te de la poursuite de l\u2019aust\u00e9rit\u00e9 dans la zone euro. Il s\u2019alarme aussi des politiques de Donald Trump et de l\u2019explosion des in\u00e9galit\u00e9s, dix ans apr\u00e8s la crise financi\u00e8re de 2008. Plus que jamais, il plaide pour \u00ab augmenter les salaires\u00bb, r\u00e9guler la finance et lutter contre les\u00ab monopoles \u00bb. L&rsquo;article de Mediapart, en PDF Le lien direct Dans ... Lire la suite...","og_url":"https:\/\/www.gastonballiot.fr\/?page_id=8505","og_site_name":"Le blog politique de Gaston","article_publisher":"https:\/\/www.facebook.com\/gaston.balliot\/","article_modified_time":"2020-05-18T06:42:30+00:00","twitter_card":"summary_large_image","twitter_misc":{"Dur\u00e9e de lecture estim\u00e9e":"3 minutes"},"schema":{"@context":"https:\/\/schema.org","@graph":[{"@type":"WebPage","@id":"https:\/\/www.gastonballiot.fr\/?page_id=8505","url":"https:\/\/www.gastonballiot.fr\/?page_id=8505","name":"5-L'aust\u00e9rit\u00e9 est un d\u00e9sastre - Le blog politique de Gaston","isPartOf":{"@id":"https:\/\/www.gastonballiot.fr\/#website"},"datePublished":"2020-05-17T09:06:51+00:00","dateModified":"2020-05-18T06:42:30+00:00","breadcrumb":{"@id":"https:\/\/www.gastonballiot.fr\/?page_id=8505#breadcrumb"},"inLanguage":"fr-FR","potentialAction":[{"@type":"ReadAction","target":["https:\/\/www.gastonballiot.fr\/?page_id=8505"]}]},{"@type":"BreadcrumbList","@id":"https:\/\/www.gastonballiot.fr\/?page_id=8505#breadcrumb","itemListElement":[{"@type":"ListItem","position":1,"name":"Accueil","item":"https:\/\/www.gastonballiot.fr\/"},{"@type":"ListItem","position":2,"name":"Economie","item":"https:\/\/www.gastonballiot.fr\/?page_id=160"},{"@type":"ListItem","position":3,"name":"5-L&#8217;aust\u00e9rit\u00e9 est un d\u00e9sastre"}]},{"@type":"WebSite","@id":"https:\/\/www.gastonballiot.fr\/#website","url":"https:\/\/www.gastonballiot.fr\/","name":"Le blog politique de Gaston","description":"L&#039;humain d&#039;abord, pas la finance !","publisher":{"@id":"https:\/\/www.gastonballiot.fr\/#\/schema\/person\/244a5e02696abd8a65c5b1bebdb948ca"},"potentialAction":[{"@type":"SearchAction","target":{"@type":"EntryPoint","urlTemplate":"https:\/\/www.gastonballiot.fr\/?s={search_term_string}"},"query-input":{"@type":"PropertyValueSpecification","valueRequired":true,"valueName":"search_term_string"}}],"inLanguage":"fr-FR"},{"@type":["Person","Organization"],"@id":"https:\/\/www.gastonballiot.fr\/#\/schema\/person\/244a5e02696abd8a65c5b1bebdb948ca","name":"gb","image":{"@type":"ImageObject","inLanguage":"fr-FR","@id":"https:\/\/i0.wp.com\/www.gastonballiot.fr\/wp-content\/uploads\/2017\/04\/cropped-Marianne-drapeau-rouge.gif?fit=512%2C512&ssl=1","url":"https:\/\/i0.wp.com\/www.gastonballiot.fr\/wp-content\/uploads\/2017\/04\/cropped-Marianne-drapeau-rouge.gif?fit=512%2C512&ssl=1","contentUrl":"https:\/\/i0.wp.com\/www.gastonballiot.fr\/wp-content\/uploads\/2017\/04\/cropped-Marianne-drapeau-rouge.gif?fit=512%2C512&ssl=1","width":512,"height":512,"caption":"gb"},"logo":{"@id":"https:\/\/i0.wp.com\/www.gastonballiot.fr\/wp-content\/uploads\/2017\/04\/cropped-Marianne-drapeau-rouge.gif?fit=512%2C512&ssl=1"},"description":"Gaston Balliot, militant du Front de Gauche en pays bigouden - Pont L'Abb\u00e9 - Loctudy - Guilvinec - Penmarc'h - Ile Tudy - Combrit Ste Marine - Tr\u00e9meoc - Plon\u00e9our, p\u00eache tourisme","sameAs":["https:\/\/www.facebook.com\/gaston.balliot\/"]}]}},"jetpack_shortlink":"https:\/\/wp.me\/P5UTaD-2db","jetpack-related-posts":[],"jetpack_likes_enabled":true,"jetpack_sharing_enabled":true,"_links":{"self":[{"href":"https:\/\/www.gastonballiot.fr\/index.php?rest_route=\/wp\/v2\/pages\/8505","targetHints":{"allow":["GET"]}}],"collection":[{"href":"https:\/\/www.gastonballiot.fr\/index.php?rest_route=\/wp\/v2\/pages"}],"about":[{"href":"https:\/\/www.gastonballiot.fr\/index.php?rest_route=\/wp\/v2\/types\/page"}],"author":[{"embeddable":true,"href":"https:\/\/www.gastonballiot.fr\/index.php?rest_route=\/wp\/v2\/users\/1"}],"replies":[{"embeddable":true,"href":"https:\/\/www.gastonballiot.fr\/index.php?rest_route=%2Fwp%2Fv2%2Fcomments&post=8505"}],"version-history":[{"count":0,"href":"https:\/\/www.gastonballiot.fr\/index.php?rest_route=\/wp\/v2\/pages\/8505\/revisions"}],"up":[{"embeddable":true,"href":"https:\/\/www.gastonballiot.fr\/index.php?rest_route=\/wp\/v2\/pages\/160"}],"wp:attachment":[{"href":"https:\/\/www.gastonballiot.fr\/index.php?rest_route=%2Fwp%2Fv2%2Fmedia&parent=8505"}],"curies":[{"name":"wp","href":"https:\/\/api.w.org\/{rel}","templated":true}]}}